{"id":19,"date":"2017-08-11T13:02:20","date_gmt":"2017-08-11T13:02:20","guid":{"rendered":"https:\/\/atixscripts.info\/demo\/minimag\/?page_id=19"},"modified":"2017-08-11T13:02:20","modified_gmt":"2017-08-11T13:02:20","slug":"minimag-homepage-8","status":"publish","type":"page","link":"https:\/\/times.cd\/index.php\/minimag-homepage-8\/","title":{"rendered":"Minimag Homepage 8"},"content":{"rendered":"<p>[vc_row][vc_column]\t\t<!-- Slider Section -->\r\n\t\t<div class=\"container-fluid no-left-padding no-right-padding slider-section slider-section6\">\r\n\t\t\t<div class=\"image-loader spinner-image\">\r\n\t\t\t\t<div class=\"spinner\">\r\n\t\t\t\t\t<div class=\"dot1\"><\/div>\r\n\t\t\t\t\t<div class=\"dot2\"><\/div>\r\n\t\t\t\t\t<div class=\"bounce1\"><\/div>\r\n\t\t\t\t\t<div class=\"bounce2\"><\/div>\r\n\t\t\t\t\t<div class=\"bounce3\"><\/div>\r\n\t\t\t\t<\/div>\r\n\t\t\t<\/div>\r\n\t\t\t<div class=\"slider-carousel slider-carousel-6 center\">\r\n\t\t\t\t\t\t\t\t\t<div class=\"item\">\r\n\t\t\t\t\t\t<div class=\"post-box\">\r\n\t\t\t\t\t\t\t<img loading=\"lazy\" decoding=\"async\" width=\"700\" height=\"600\" src=\"https:\/\/times.cd\/wp-content\/uploads\/2026\/04\/1776420950828-700x600.jpg\" class=\"attachment-minimag_700_600 size-minimag_700_600 wp-post-image\" alt=\"\" \/>\t\t\t\t\t\t\t<div class=\"entry-content\">\r\n\t\t\t\t\t\t\t\t\t\t\t\t\t\t\t\t\t\t<span class=\"post-category\">\r\n\t\t\t\t\t\t\t\t\t\t\t<a href=\"https:\/\/times.cd\/index.php\/category\/culture\/\" rel=\"category tag\">culture<\/a>\t\t\t\t\t\t\t\t\t\t<\/span>\r\n\t\t\t\t\t\t\t\t\t\t\t\t\t\t\t\t\t\t<h3><a href=\"https:\/\/times.cd\/index.php\/2026\/04\/17\/kinshasa-quand-mike-kalambay-se-proclame-phenomene-national-et-meme-au-dela\/\" title=\"Kinshasa : quand Mike Kalambay se proclame\u2026 ph\u00e9nom\u00e8ne national (et m\u00eame au-del\u00e0)\">Kinshasa : quand Mike Kalambay se proclame\u2026 ph\u00e9nom\u00e8ne national (et m\u00eame au-del\u00e0)<\/a><\/h3>\r\n\t\t\t\t\t\t\t\t<a href=\"https:\/\/times.cd\/index.php\/2026\/04\/17\/kinshasa-quand-mike-kalambay-se-proclame-phenomene-national-et-meme-au-dela\/\" title=\"Read More\">\r\n\t\t\t\t\t\t\t\t\tRead More\t\t\t\t\t\t\t\t<\/a>\r\n\t\t\t\t\t\t\t<\/div>\r\n\t\t\t\t\t\t<\/div>\r\n\t\t\t\t\t<\/div>\r\n\t\t\t\t\t\t\t\t\t\t<div class=\"item\">\r\n\t\t\t\t\t\t<div class=\"post-box\">\r\n\t\t\t\t\t\t\t<img loading=\"lazy\" decoding=\"async\" width=\"700\" height=\"600\" src=\"https:\/\/times.cd\/wp-content\/uploads\/2026\/04\/IMG-20260417-WA0036-1-700x600.jpg\" class=\"attachment-minimag_700_600 size-minimag_700_600 wp-post-image\" alt=\"\" \/>\t\t\t\t\t\t\t<div class=\"entry-content\">\r\n\t\t\t\t\t\t\t\t\t\t\t\t\t\t\t\t\t\t<span class=\"post-category\">\r\n\t\t\t\t\t\t\t\t\t\t\t<a href=\"https:\/\/times.cd\/index.php\/category\/uncategorized\/\" rel=\"category tag\">Uncategorized<\/a>\t\t\t\t\t\t\t\t\t\t<\/span>\r\n\t\t\t\t\t\t\t\t\t\t\t\t\t\t\t\t\t\t<h3><a href=\"https:\/\/times.cd\/index.php\/2026\/04\/17\/kinshasa-a-gombe-la-republique-des-etalages-renversee-par-la-generale-des-trottoirs-mimi-bikela\/\" title=\"Kinshasa : \u00e0 Gombe, la \u201cR\u00e9publique des \u00e9talages\u201d renvers\u00e9e par la g\u00e9n\u00e9rale des trottoirs, Mimi Bikela\">Kinshasa : \u00e0 Gombe, la \u201cR\u00e9publique des \u00e9talages\u201d renvers\u00e9e par la g\u00e9n\u00e9rale des trottoirs, Mimi Bikela<\/a><\/h3>\r\n\t\t\t\t\t\t\t\t<a href=\"https:\/\/times.cd\/index.php\/2026\/04\/17\/kinshasa-a-gombe-la-republique-des-etalages-renversee-par-la-generale-des-trottoirs-mimi-bikela\/\" title=\"Read More\">\r\n\t\t\t\t\t\t\t\t\tRead More\t\t\t\t\t\t\t\t<\/a>\r\n\t\t\t\t\t\t\t<\/div>\r\n\t\t\t\t\t\t<\/div>\r\n\t\t\t\t\t<\/div>\r\n\t\t\t\t\t\t\t\t\t\t<div class=\"item\">\r\n\t\t\t\t\t\t<div class=\"post-box\">\r\n\t\t\t\t\t\t\t<img loading=\"lazy\" decoding=\"async\" width=\"700\" height=\"600\" src=\"https:\/\/times.cd\/wp-content\/uploads\/2026\/04\/IMG-20260417-WA0030-700x600.jpg\" class=\"attachment-minimag_700_600 size-minimag_700_600 wp-post-image\" alt=\"\" \/>\t\t\t\t\t\t\t<div class=\"entry-content\">\r\n\t\t\t\t\t\t\t\t\t\t\t\t\t\t\t\t\t\t<span class=\"post-category\">\r\n\t\t\t\t\t\t\t\t\t\t\t<a href=\"https:\/\/times.cd\/index.php\/category\/uncategorized\/\" rel=\"category tag\">Uncategorized<\/a>\t\t\t\t\t\t\t\t\t\t<\/span>\r\n\t\t\t\t\t\t\t\t\t\t\t\t\t\t\t\t\t\t<h3><a href=\"https:\/\/times.cd\/index.php\/2026\/04\/17\/kinshasa-quand-la-salubrite-passe-par-la-caisse\/\" title=\"Kinshasa : quand la salubrit\u00e9 passe\u2026 par la caisse\">Kinshasa : quand la salubrit\u00e9 passe\u2026 par la caisse<\/a><\/h3>\r\n\t\t\t\t\t\t\t\t<a href=\"https:\/\/times.cd\/index.php\/2026\/04\/17\/kinshasa-quand-la-salubrite-passe-par-la-caisse\/\" title=\"Read More\">\r\n\t\t\t\t\t\t\t\t\tRead More\t\t\t\t\t\t\t\t<\/a>\r\n\t\t\t\t\t\t\t<\/div>\r\n\t\t\t\t\t\t<\/div>\r\n\t\t\t\t\t<\/div>\r\n\t\t\t\t\t\t\t\t\t\t<div class=\"item\">\r\n\t\t\t\t\t\t<div class=\"post-box\">\r\n\t\t\t\t\t\t\t<img loading=\"lazy\" decoding=\"async\" width=\"700\" height=\"600\" src=\"https:\/\/times.cd\/wp-content\/uploads\/2026\/04\/IMG-20260416-WA03261-700x600.jpg\" class=\"attachment-minimag_700_600 size-minimag_700_600 wp-post-image\" alt=\"\" \/>\t\t\t\t\t\t\t<div class=\"entry-content\">\r\n\t\t\t\t\t\t\t\t\t\t\t\t\t\t\t\t\t\t<span class=\"post-category\">\r\n\t\t\t\t\t\t\t\t\t\t\t<a href=\"https:\/\/times.cd\/index.php\/category\/uncategorized\/\" rel=\"category tag\">Uncategorized<\/a>\t\t\t\t\t\t\t\t\t\t<\/span>\r\n\t\t\t\t\t\t\t\t\t\t\t\t\t\t\t\t\t\t<h3><a href=\"https:\/\/times.cd\/index.php\/2026\/04\/17\/rdc-le-rcet-cps-celebre-une-entree-historique-de-la-rdc-dans-ce-cercle-tres-ferme-ou-les-milliards-circulent-plus-vite-que-les-promesses-electorales\/\" title=\"RDC : Le RCET-CPS c\u00e9l\u00e8bre une \u00ab entr\u00e9e historique \u00bb de la RDC dans ce cercle tr\u00e8s ferm\u00e9 o\u00f9 les milliards circulent plus vite que les promesses \u00e9lectorales\">RDC : Le RCET-CPS c\u00e9l\u00e8bre une \u00ab entr\u00e9e historique \u00bb de la RDC dans ce cercle tr\u00e8s ferm\u00e9 o\u00f9 les milliards circulent plus vite que les promesses \u00e9lectorales<\/a><\/h3>\r\n\t\t\t\t\t\t\t\t<a href=\"https:\/\/times.cd\/index.php\/2026\/04\/17\/rdc-le-rcet-cps-celebre-une-entree-historique-de-la-rdc-dans-ce-cercle-tres-ferme-ou-les-milliards-circulent-plus-vite-que-les-promesses-electorales\/\" title=\"Read More\">\r\n\t\t\t\t\t\t\t\t\tRead More\t\t\t\t\t\t\t\t<\/a>\r\n\t\t\t\t\t\t\t<\/div>\r\n\t\t\t\t\t\t<\/div>\r\n\t\t\t\t\t<\/div>\r\n\t\t\t\t\t\t\t\t\t\t<div class=\"item\">\r\n\t\t\t\t\t\t<div class=\"post-box\">\r\n\t\t\t\t\t\t\t<img loading=\"lazy\" decoding=\"async\" width=\"480\" height=\"480\" src=\"https:\/\/times.cd\/wp-content\/uploads\/2026\/04\/1776110881899.jpg\" class=\"attachment-minimag_700_600 size-minimag_700_600 wp-post-image\" alt=\"\" srcset=\"https:\/\/times.cd\/wp-content\/uploads\/2026\/04\/1776110881899.jpg 480w, https:\/\/times.cd\/wp-content\/uploads\/2026\/04\/1776110881899-300x300.jpg 300w, https:\/\/times.cd\/wp-content\/uploads\/2026\/04\/1776110881899-150x150.jpg 150w, https:\/\/times.cd\/wp-content\/uploads\/2026\/04\/1776110881899-170x170.jpg 170w, https:\/\/times.cd\/wp-content\/uploads\/2026\/04\/1776110881899-370x370.jpg 370w, https:\/\/times.cd\/wp-content\/uploads\/2026\/04\/1776110881899-440x440.jpg 440w\" sizes=\"(max-width: 480px) 100vw, 480px\" \/>\t\t\t\t\t\t\t<div class=\"entry-content\">\r\n\t\t\t\t\t\t\t\t\t\t\t\t\t\t\t\t\t\t<span class=\"post-category\">\r\n\t\t\t\t\t\t\t\t\t\t\t<a href=\"https:\/\/times.cd\/index.php\/category\/uncategorized\/\" rel=\"category tag\">Uncategorized<\/a>\t\t\t\t\t\t\t\t\t\t<\/span>\r\n\t\t\t\t\t\t\t\t\t\t\t\t\t\t\t\t\t\t<h3><a href=\"https:\/\/times.cd\/index.php\/2026\/04\/13\/affaire-vally-au-dela-du-crime-les-zones-dombre-qui-interpellent-la-justice-congolaise\/\" title=\"Affaire Vally : au-del\u00e0 du crime, les zones d\u2019ombre qui interpellent la justice congolaise\">Affaire Vally : au-del\u00e0 du crime, les zones d\u2019ombre qui interpellent la justice congolaise<\/a><\/h3>\r\n\t\t\t\t\t\t\t\t<a href=\"https:\/\/times.cd\/index.php\/2026\/04\/13\/affaire-vally-au-dela-du-crime-les-zones-dombre-qui-interpellent-la-justice-congolaise\/\" title=\"Read More\">\r\n\t\t\t\t\t\t\t\t\tRead More\t\t\t\t\t\t\t\t<\/a>\r\n\t\t\t\t\t\t\t<\/div>\r\n\t\t\t\t\t\t<\/div>\r\n\t\t\t\t\t<\/div>\r\n\t\t\t\t\t\t\t\t<\/div>\r\n\t\t<\/div><!-- Slider Section \/- -->\r\n\t\t[\/vc_column][\/vc_row][vc_row spadding=\u00a0\u00bbspaddingtop\u00a0\u00bb][vc_column]\t\t<!-- Page Content -->\r\n\t\t<div class=\"container-fluid no-left-padding no-right-padding blog-one-col-no-sidebar\">\r\n\t\t\t<!-- Container -->\r\n\t\t\t<div class=\"container\">\r\n\t\t\t\t<div class=\"row justify-content-md-center\">\r\n\t\t\t\t\t<!-- Content Area -->\r\n\t\t\t\t\t<div class=\"col-lg-10 col-md-6 content-area\">\r\n\t\t\t\t\t\t<!-- Row -->\r\n\t\t\t\t\t\t<div class=\"row\">\r\n\t\t\t\t\t\t\t\t\t\t\t\t\t\t\t\t<div class=\"col-lg-12 col-md-12 col-sm-12\">\r\n\t\t\t\t\t\t\t\t\t\t<div class=\"blog-onecolumn post-11530 post type-post status-publish format-standard has-post-thumbnail hentry category-culture\">\r\n\t\t\t\t\t\t\t\t\t\t\t\t\t\t\t\t\t\t\t\t\t\t\t\t<div class=\"entry-cover\">\r\n\t\t\t\t\t\t\t\t\t\t\t\t\t\t<div class=\"post-meta\">\r\n\t\t\t\t\t\t\t\t\t\t\t\t\t\t\t<span class=\"byline\">by\t\t\t\t\t\t\t\t\t\t\t\t\t\t\t\t<a href=\"https:\/\/times.cd\/index.php\/author\/times_cd\/\" title=\"times_cd\">times_cd<\/a>\r\n\t\t\t\t\t\t\t\t\t\t\t\t\t\t\t<\/span>\r\n\t\t\t\t\t\t\t\t\t\t\t\t\t\t\t<span class=\"post-date\">\r\n\t\t\t\t\t\t\t\t\t\t\t\t\t\t\t\t<a href=\"https:\/\/times.cd\/index.php\/2026\/04\/17\/kinshasa-quand-mike-kalambay-se-proclame-phenomene-national-et-meme-au-dela\/\">17\/04\/2026<\/a>\r\n\t\t\t\t\t\t\t\t\t\t\t\t\t\t\t<\/span>\r\n\t\t\t\t\t\t\t\t\t\t\t\t\t\t<\/div>\r\n\t\t\t\t\t\t\t\t\t\t\t\t\t\t<a href=\"https:\/\/times.cd\/index.php\/2026\/04\/17\/kinshasa-quand-mike-kalambay-se-proclame-phenomene-national-et-meme-au-dela\/\">\r\n\t\t\t\t\t\t\t\t\t\t\t\t\t\t\t<img loading=\"lazy\" decoding=\"async\" width=\"910\" height=\"550\" src=\"https:\/\/times.cd\/wp-content\/uploads\/2026\/04\/1776420950828-910x550.jpg\" class=\"attachment-minimag_910_550 size-minimag_910_550 wp-post-image\" alt=\"\" \/>\t\t\t\t\t\t\t\t\t\t\t\t\t\t<\/a>\r\n\t\t\t\t\t\t\t\t\t\t\t\t\t<\/div>\r\n\t\t\t\t\t\t\t\t\t\t\t\t\t\t\t\t\t\t\t\t\t\t\t\t<div class=\"entry-content\">\r\n\t\t\t\t\t\t\t\t\t\t\t\t<div class=\"entry-header\">\t\r\n\t\t\t\t\t\t\t\t\t\t\t\t\t\t\t\t\t\t\t\t\t\t\t\t\t\t\t<span class=\"post-category\">\r\n\t\t\t\t\t\t\t\t\t\t\t\t\t\t\t<a href=\"https:\/\/times.cd\/index.php\/category\/culture\/\" rel=\"category tag\">culture<\/a>\t\t\t\t\t\t\t\t\t\t\t\t\t\t<\/span>\r\n\t\t\t\t\t\t\t\t\t\t\t\t\t\t\t\t\t\t\t\t\t\t\t\t\t\t\t<h3 class=\"entry-title\">\r\n\t\t\t\t\t\t\t\t\t\t\t\t\t\t<a href=\"https:\/\/times.cd\/index.php\/2026\/04\/17\/kinshasa-quand-mike-kalambay-se-proclame-phenomene-national-et-meme-au-dela\/\" title=\"Kinshasa : quand Mike Kalambay se proclame\u2026 ph\u00e9nom\u00e8ne national (et m\u00eame au-del\u00e0)\">Kinshasa : quand Mike Kalambay se proclame\u2026 ph\u00e9nom\u00e8ne national (et m\u00eame au-del\u00e0)<\/a>\r\n\t\t\t\t\t\t\t\t\t\t\t\t\t<\/h3>\r\n\t\t\t\t\t\t\t\t\t\t\t\t<\/div>\t\t\t\t\t\t\t\t\r\n\t\t\t\t\t\t\t\t\t\t\t\t<p>\u00c0 Kinshasa, ville o\u00f9 m\u00eame les embouteillages ont une personnalit\u00e9, il fallait bien qu\u2019un jour quelqu\u2019un ose franchir un cap in\u00e9dit : se d\u00e9finir non pas comme un simple artiste, ni m\u00eame comme une l\u00e9gende\u2026 mais comme un ph\u00e9nom\u00e8ne. Et qui d\u2019autre que Mike Kalambay pour porter cette r\u00e9v\u00e9lation scientifique ?\n\n\n\nLors de son dernier culte transform\u00e9 pour l\u2019occasion en conf\u00e9rence internationale sur \u201cl\u2019extraordinaire dans l\u2019ordinaire\u201d, le chantre a tenu \u00e0 pr\u00e9senter celui qui, selon ses dires, l\u2019encadre depuis l\u2019\u00e2ge de ...<\/p>\r\n\t\t\t\t\t\t\t\t\t\t\t\t<a href=\"https:\/\/times.cd\/index.php\/2026\/04\/17\/kinshasa-quand-mike-kalambay-se-proclame-phenomene-national-et-meme-au-dela\/\" title=\"Read More\">\r\n\t\t\t\t\t\t\t\t\t\t\t\t\tRead More\t\t\t\t\t\t\t\t\t\t\t\t<\/a>\r\n\t\t\t\t\t\t\t\t\t\t\t<\/div>\r\n\t\t\t\t\t\t\t\t\t\t<\/div>\r\n\t\t\t\t\t\t\t\t\t<\/div>\r\n\t\t\t\t\t\t\t\t\t\t\t\t\t\t\t\t\t\t<div class=\"col-lg-12 col-md-12 col-sm-12\">\r\n\t\t\t\t\t\t\t\t\t\t<div class=\"blog-onecolumn post-11522 post type-post status-publish format-standard has-post-thumbnail hentry category-uncategorized\">\r\n\t\t\t\t\t\t\t\t\t\t\t\t\t\t\t\t\t\t\t\t\t\t\t\t<div class=\"entry-cover\">\r\n\t\t\t\t\t\t\t\t\t\t\t\t\t\t<div class=\"post-meta\">\r\n\t\t\t\t\t\t\t\t\t\t\t\t\t\t\t<span class=\"byline\">by\t\t\t\t\t\t\t\t\t\t\t\t\t\t\t\t<a href=\"https:\/\/times.cd\/index.php\/author\/times_cd\/\" title=\"times_cd\">times_cd<\/a>\r\n\t\t\t\t\t\t\t\t\t\t\t\t\t\t\t<\/span>\r\n\t\t\t\t\t\t\t\t\t\t\t\t\t\t\t<span class=\"post-date\">\r\n\t\t\t\t\t\t\t\t\t\t\t\t\t\t\t\t<a href=\"https:\/\/times.cd\/index.php\/2026\/04\/17\/kinshasa-a-gombe-la-republique-des-etalages-renversee-par-la-generale-des-trottoirs-mimi-bikela\/\">17\/04\/2026<\/a>\r\n\t\t\t\t\t\t\t\t\t\t\t\t\t\t\t<\/span>\r\n\t\t\t\t\t\t\t\t\t\t\t\t\t\t<\/div>\r\n\t\t\t\t\t\t\t\t\t\t\t\t\t\t<a href=\"https:\/\/times.cd\/index.php\/2026\/04\/17\/kinshasa-a-gombe-la-republique-des-etalages-renversee-par-la-generale-des-trottoirs-mimi-bikela\/\">\r\n\t\t\t\t\t\t\t\t\t\t\t\t\t\t\t<img loading=\"lazy\" decoding=\"async\" width=\"910\" height=\"550\" src=\"https:\/\/times.cd\/wp-content\/uploads\/2026\/04\/IMG-20260417-WA0036-1-910x550.jpg\" class=\"attachment-minimag_910_550 size-minimag_910_550 wp-post-image\" alt=\"\" \/>\t\t\t\t\t\t\t\t\t\t\t\t\t\t<\/a>\r\n\t\t\t\t\t\t\t\t\t\t\t\t\t<\/div>\r\n\t\t\t\t\t\t\t\t\t\t\t\t\t\t\t\t\t\t\t\t\t\t\t\t<div class=\"entry-content\">\r\n\t\t\t\t\t\t\t\t\t\t\t\t<div class=\"entry-header\">\t\r\n\t\t\t\t\t\t\t\t\t\t\t\t\t\t\t\t\t\t\t\t\t\t\t\t\t\t\t<span class=\"post-category\">\r\n\t\t\t\t\t\t\t\t\t\t\t\t\t\t\t<a href=\"https:\/\/times.cd\/index.php\/category\/uncategorized\/\" rel=\"category tag\">Uncategorized<\/a>\t\t\t\t\t\t\t\t\t\t\t\t\t\t<\/span>\r\n\t\t\t\t\t\t\t\t\t\t\t\t\t\t\t\t\t\t\t\t\t\t\t\t\t\t\t<h3 class=\"entry-title\">\r\n\t\t\t\t\t\t\t\t\t\t\t\t\t\t<a href=\"https:\/\/times.cd\/index.php\/2026\/04\/17\/kinshasa-a-gombe-la-republique-des-etalages-renversee-par-la-generale-des-trottoirs-mimi-bikela\/\" title=\"Kinshasa : \u00e0 Gombe, la \u201cR\u00e9publique des \u00e9talages\u201d renvers\u00e9e par la g\u00e9n\u00e9rale des trottoirs, Mimi Bikela\">Kinshasa : \u00e0 Gombe, la \u201cR\u00e9publique des \u00e9talages\u201d renvers\u00e9e par la g\u00e9n\u00e9rale des trottoirs, Mimi Bikela<\/a>\r\n\t\t\t\t\t\t\t\t\t\t\t\t\t<\/h3>\r\n\t\t\t\t\t\t\t\t\t\t\t\t<\/div>\t\t\t\t\t\t\t\t\r\n\t\t\t\t\t\t\t\t\t\t\t\t<p>\u00c0 Gombe, il ne manquait plus qu\u2019un hymne et un drapeau pour officialiser ce que beaucoup appelaient d\u00e9j\u00e0 \u201cl\u2019\u00c9tat libre des \u00e9talages\u201d. Sur les avenues TSF et Colonel Ebeya, tomates, poissons sal\u00e9s et friperies cohabitaient dans une parfaite anarchie d\u00e9mocratique, o\u00f9 le suffrage universel se mesurait\u2026 au nombre de clients coinc\u00e9s dans les embouteillages.\n\n\n\nMais ce lundi 13 avril 2026, coup de tonnerre : la commandante sp\u00e9ciale, Mimi Bikela, cheffe redout\u00e9e de la BSPE\/BESK, a lanc\u00e9 une op\u00e9ration que certains t\u00e9moins ...<\/p>\r\n\t\t\t\t\t\t\t\t\t\t\t\t<a href=\"https:\/\/times.cd\/index.php\/2026\/04\/17\/kinshasa-a-gombe-la-republique-des-etalages-renversee-par-la-generale-des-trottoirs-mimi-bikela\/\" title=\"Read More\">\r\n\t\t\t\t\t\t\t\t\t\t\t\t\tRead More\t\t\t\t\t\t\t\t\t\t\t\t<\/a>\r\n\t\t\t\t\t\t\t\t\t\t\t<\/div>\r\n\t\t\t\t\t\t\t\t\t\t<\/div>\r\n\t\t\t\t\t\t\t\t\t<\/div>\r\n\t\t\t\t\t\t\t\t\t\t\t\t\t\t\t\t\t\t<div class=\"col-lg-12 col-md-12 col-sm-12\">\r\n\t\t\t\t\t\t\t\t\t\t<div class=\"blog-onecolumn post-11518 post type-post status-publish format-standard has-post-thumbnail hentry category-uncategorized\">\r\n\t\t\t\t\t\t\t\t\t\t\t\t\t\t\t\t\t\t\t\t\t\t\t\t<div class=\"entry-cover\">\r\n\t\t\t\t\t\t\t\t\t\t\t\t\t\t<div class=\"post-meta\">\r\n\t\t\t\t\t\t\t\t\t\t\t\t\t\t\t<span class=\"byline\">by\t\t\t\t\t\t\t\t\t\t\t\t\t\t\t\t<a href=\"https:\/\/times.cd\/index.php\/author\/times_cd\/\" title=\"times_cd\">times_cd<\/a>\r\n\t\t\t\t\t\t\t\t\t\t\t\t\t\t\t<\/span>\r\n\t\t\t\t\t\t\t\t\t\t\t\t\t\t\t<span class=\"post-date\">\r\n\t\t\t\t\t\t\t\t\t\t\t\t\t\t\t\t<a href=\"https:\/\/times.cd\/index.php\/2026\/04\/17\/kinshasa-quand-la-salubrite-passe-par-la-caisse\/\">17\/04\/2026<\/a>\r\n\t\t\t\t\t\t\t\t\t\t\t\t\t\t\t<\/span>\r\n\t\t\t\t\t\t\t\t\t\t\t\t\t\t<\/div>\r\n\t\t\t\t\t\t\t\t\t\t\t\t\t\t<a href=\"https:\/\/times.cd\/index.php\/2026\/04\/17\/kinshasa-quand-la-salubrite-passe-par-la-caisse\/\">\r\n\t\t\t\t\t\t\t\t\t\t\t\t\t\t\t<img loading=\"lazy\" decoding=\"async\" width=\"910\" height=\"550\" src=\"https:\/\/times.cd\/wp-content\/uploads\/2026\/04\/IMG-20260417-WA0030-910x550.jpg\" class=\"attachment-minimag_910_550 size-minimag_910_550 wp-post-image\" alt=\"\" \/>\t\t\t\t\t\t\t\t\t\t\t\t\t\t<\/a>\r\n\t\t\t\t\t\t\t\t\t\t\t\t\t<\/div>\r\n\t\t\t\t\t\t\t\t\t\t\t\t\t\t\t\t\t\t\t\t\t\t\t\t<div class=\"entry-content\">\r\n\t\t\t\t\t\t\t\t\t\t\t\t<div class=\"entry-header\">\t\r\n\t\t\t\t\t\t\t\t\t\t\t\t\t\t\t\t\t\t\t\t\t\t\t\t\t\t\t<span class=\"post-category\">\r\n\t\t\t\t\t\t\t\t\t\t\t\t\t\t\t<a href=\"https:\/\/times.cd\/index.php\/category\/uncategorized\/\" rel=\"category tag\">Uncategorized<\/a>\t\t\t\t\t\t\t\t\t\t\t\t\t\t<\/span>\r\n\t\t\t\t\t\t\t\t\t\t\t\t\t\t\t\t\t\t\t\t\t\t\t\t\t\t\t<h3 class=\"entry-title\">\r\n\t\t\t\t\t\t\t\t\t\t\t\t\t\t<a href=\"https:\/\/times.cd\/index.php\/2026\/04\/17\/kinshasa-quand-la-salubrite-passe-par-la-caisse\/\" title=\"Kinshasa : quand la salubrit\u00e9 passe\u2026 par la caisse\">Kinshasa : quand la salubrit\u00e9 passe\u2026 par la caisse<\/a>\r\n\t\t\t\t\t\t\t\t\t\t\t\t\t<\/h3>\r\n\t\t\t\t\t\t\t\t\t\t\t\t<\/div>\t\t\t\t\t\t\t\t\r\n\t\t\t\t\t\t\t\t\t\t\t\t<p>\u00c0 Kinshasa, on ne balaie plus seulement les rues, on balaie aussi\u2026 les portefeuilles. \"H\u00f4tel de Ville et la F\u00e9d\u00e9ration des Entreprises du Congo (FEC) ont sign\u00e9 une nouvelle convention pour \u201cassainir\" la capitale comprenez : une taxe de plus, mais avec de bonnes intentions bien emball\u00e9es.\n\n\n\nSous la houlette du gouverneur Daniel Bumba Lubaki et du patron des patrons Robert Malumba Kalombo, l\u2019accord promet transparence, d\u00e9veloppement et propret\u00e9.\n\n\n\n\n\n\n\n\n\nSur papier, Kinshasa devient presque une ville mod\u00e8le. Sur le terrain, les contribuables, ...<\/p>\r\n\t\t\t\t\t\t\t\t\t\t\t\t<a href=\"https:\/\/times.cd\/index.php\/2026\/04\/17\/kinshasa-quand-la-salubrite-passe-par-la-caisse\/\" title=\"Read More\">\r\n\t\t\t\t\t\t\t\t\t\t\t\t\tRead More\t\t\t\t\t\t\t\t\t\t\t\t<\/a>\r\n\t\t\t\t\t\t\t\t\t\t\t<\/div>\r\n\t\t\t\t\t\t\t\t\t\t<\/div>\r\n\t\t\t\t\t\t\t\t\t<\/div>\r\n\t\t\t\t\t\t\t\t\t<\/div><!-- Row \/- -->\n\t<nav class=\"navigation pagination\" aria-label=\"Publications\">\n\t\t<h2 class=\"screen-reader-text\">Navigation des articles<\/h2>\n\t\t<div class=\"nav-links\"><span aria-current=\"page\" class=\"page-numbers current\"><span class=\"meta-nav screen-reader-text\">Page <\/span>1<\/span>\n<a class=\"page-numbers\" href=\"https:\/\/times.cd\/index.php\/wp-json\/wp\/v2\/pages\/19\/page\/2\/\"><span class=\"meta-nav screen-reader-text\">Page <\/span>2<\/a>\n<span class=\"page-numbers dots\">\u2026<\/span>\n<a class=\"page-numbers\" href=\"https:\/\/times.cd\/index.php\/wp-json\/wp\/v2\/pages\/19\/page\/787\/\"><span class=\"meta-nav screen-reader-text\">Page <\/span>787<\/a>\n<a class=\"next page-numbers\" href=\"https:\/\/times.cd\/index.php\/wp-json\/wp\/v2\/pages\/19\/page\/2\/\">Next<\/a><\/div>\n\t<\/nav>\t\t\t\t\t<\/div><!-- Content Area \/- -->\r\n\t\t\t\t<\/div>\r\n\t\t\t<\/div><!-- Container \/- -->\r\n\t\t<\/div><!-- Page Content \/- -->\r\n\t\t[\/vc_column][\/vc_row]<\/p>\n","protected":false},"excerpt":{"rendered":"<p>[vc_row][vc_column][\/vc_column][\/vc_row][vc_row spadding=\u00a0\u00bbspaddingtop\u00a0\u00bb][vc_column][\/vc_column][\/vc_row]<\/p>\n","protected":false},"author":1,"featured_media":0,"parent":0,"menu_order":0,"comment_status":"closed","ping_status":"closed","template":"","meta":{"footnotes":""},"_links":{"self":[{"href":"https:\/\/times.cd\/index.php\/wp-json\/wp\/v2\/pages\/19"}],"collection":[{"href":"https:\/\/times.cd\/index.php\/wp-json\/wp\/v2\/pages"}],"about":[{"href":"https:\/\/times.cd\/index.php\/wp-json\/wp\/v2\/types\/page"}],"author":[{"embeddable":true,"href":"https:\/\/times.cd\/index.php\/wp-json\/wp\/v2\/users\/1"}],"replies":[{"embeddable":true,"href":"https:\/\/times.cd\/index.php\/wp-json\/wp\/v2\/comments?post=19"}],"version-history":[{"count":0,"href":"https:\/\/times.cd\/index.php\/wp-json\/wp\/v2\/pages\/19\/revisions"}],"wp:attachment":[{"href":"https:\/\/times.cd\/index.php\/wp-json\/wp\/v2\/media?parent=19"}],"curies":[{"name":"wp","href":"https:\/\/api.w.org\/{rel}","templated":true}]}}